se 3?
-2002011002102
What is 466052 (base 7) in base 3?
11020212002
-1280858 (base 14) to base 16
-8804ee
Convert -51333432 (base 6) to base 10.
-1474364
Convert 1011110100011011010101 (base 2) to base 16.
2f46d5
Convert 2900bb (base 12) to base 3.
1021202212022
Convert 210333413 (base 5) to base 11.
545527
265456 (base 8) to base 7
535030
Convert -101020101201201 (base 3) to base 15.
-726e3a
-914b (base 14) to base 16
-617f
201721 (base 11) to base 14
86287
51359 (base 11) to base 12
3746b
What is -3611033 (base 7) in base 14?
-bc553
39518 (base 13) to base 4
121331102
24121622 (base 8) to base 4
110022032102
Convert 330221000102 (base 4) to base 9.
32818022
Convert 1472857 (base 10) to base 11.
916641
-c98b91 (base 14) to base 15
-8ebd47
Convert 36a17 (base 11) to base 12.
26901
-3746746 (base 8) to base 16
-fcde6
What is a3b70 (base 12) in base 9?
355753
What is 302223130132 (base 4) in base 8?
62533436
Convert -6165526 (base 7) to base 15.
-e8ec7
What is -20113132 (base 6) in base 16?
-8b130
Convert -11003041 (base 5) to base 13.
-33b10
15c0864 (base 14) to base 3
202002122222212
-531c1 (base 14) to base 15
-3e6d7
-25220421 (base 8) to base 16
-552111
Convert -110011110011001000 (base 2) to base 7.
-1542365
e844 (base 16) to base 9
100506
-3971a (base 11) to base 7
-324340
Convert -1544 (base 14) to base 16.
-ec8
6a5c2 (base 13) to base 3
100212120202
Convert 110000100100001 (base 2) to base 13.
b419
-2166210 (base 8) to base 4
-2032302020
-267307 (base 12) to base 11
-3a3883
What is 341b4 (base 14) in base 9?
212562
What is 2031434442 (base 5) in base 7?
50312033
What is 2807546 (base 11) in base 14?
900578
What is -4347867 (base 10) in base 11?
-24aa687
What is 410002 (base 9) in base 13?
8665a
What is 8d9f3 (base 16) in base 8?
2154763
What is -616027 (base 8) in base 14?
-543b1
What is 401220331 (base 5) in base 13?
4369c2
2101001200202 (base 3) to base 10
1260947
-80159 (base 12) to base 2
-101000100011010101
What is -1022220312 (base 4) in base 2?
-1001010101000110110
-1101101110010101100 (base 2) to base 3
-211211212212
-3586415 (base 9) to base 2
-111011011010010010000
What is 36154014 (base 8) in base 7?
124213203
What is -177810 (base 15) in base 10?
-1139190
Convert 114213544 (base 6) to base 10.
2163880
Convert -2303113 (base 5) to base 8.
-120111
-2b308aa (base 12) to base 5
-4221210420
Convert 154758c (base 14) to base 12.
3592308
What is -5136b (base 12) in base 5?
-11342143
What is -28351a9 (base 11) in base 9?
-10161281
-100000001000011011111 (base 2) to base 11
-65a068
Convert 11328617 (base 9) to base 14.
a3655b
What is -80698 (base 10) in base 3?
-11002200211
Convert -1026346 (base 7) to base 5.
-12442230
What is 7eccbb (base 16) in base 12?
2948bb7
Convert 5223366 (base 7) to base 13.
18ca3b
What is 421750 (base 10) in base 11?
26895a
4a732d (base 15) to base 8
15470735
Convert 13105323 (base 6) to base 12.
188243
What is 5265120 (base 7) in base 13?
194553
What is -2735334 (base 10) in base 2?
-1010011011110011100110
What is -5461146 (base 9) in base 14?
-565163
Convert -407462 (base 8) to base 10.
-134962
What is -1021022020000 (base 3) in base 11?
-421333
-1b40a9 (base 12) to base 16
-76281
What is -12d4db (base 15) in base 16?
-dd186
Convert -204454505 (base 6) to base 15.
-4ac10e
What is -11001111000001000101 (base 2) in base 14?
-181033
Convert 110111101000010000 (base 2) to base 6.
4514520
Convert -1771bd (base 16) to base 8.
-5670675
What is 26019 (base 14) in base 2?
10110110010000111
Convert 830441 (base 10) to base 16.
cabe9
Convert 23503000 (base 6) to base 10.
739368
-1d5323 (base 16) to base 12
-788203
What is -153635 (base 7) in base 5?
-1431121
What is -300130212 (base 4) in base 16?
-30726
Convert -257031 (base 10) to base 13.
-8ccb8
14ac4 (base 13) to base 4
21210133
Convert -1300212343 (base 5) to base 6.
-151045011
What is -12142133 (base 7) in base 9?
-2034648
What is -22575 (base 14) in base 11?
-57731
What is 277202 (base 8) in base 4?
113322002
Convert -110100111100011000000001 (base 2) to base 11.
-791a378
Convert 131750 (base 10) to base 9.
220648
What is -11071187 (base 9) in base 15?
-70d7a1
Convert 24dd7 (base 16) to base 9.
250116
-120102020212212 (base 3) to base 4
-133100101322
-275340 (base 10) to base 11
-17895a
What is 130031402 (base 6) in base 16?
26821a
adf1 (base 16) to base 11
30501
Convert 3214130 (base 6) to base 9.
260330
Convert -170b24b (base 13) to base 6.
-423404420
Convert 104003 (base 8) to base 11.
24184
Convert 200218 (base 9) to base 5.
12241102
What is -452875 (base 11) in base 2?
-10110000000011100001
1893b (base 13) to base 3
2102102222
What is 1003436 (base 8) in base 5?
31421331
-456c0 (base 16) to base 3
-112110001120
Convert -66ee (base 16) to base 7.
-136552
3213213230 (base 4) to base 9
1705348
-14b41c (base 13) to base 2
-1111100100111000101
-11410542 (base 6) to base 3
-200020201122
Convert 9cc0de (base 16) to base 6.
1004104050
What is -11656251 (base 7) in base 16?
-101de7
What is -5b365 (base 14) in base 11?
-142554
Convert -604324 (base 8) to base 16.
-308d4
Convert 2012011410 (base 5) to base 16.
3d4960
-1000000000111110111 (base 2) to base 14
-6ba07
What is -1190abb (base 15) in base 13?
-27c59b1
-234316 (base 11) to base 7
-3105521
-2252315 (base 9) to base 11
-760250
3c1abd (base 14) to base 6
112322315
4197114 (base 11) to base 10
7388517
What is 588166 (base 12) in base 6?
50305010
Convert 2526852 (base 9) to base 16.
15003e
Convert -cab24b (base 14) to base 8.
-32147323
-800a18 (base 12) to base 15
-2953cb
-4246508 (base 9) to base 13
-6185ba
168000 (base 16) to base 14
2a553a
4112 (base 12) to base 15
2165
-369520 (base 13) to base 14
-25dc9b
What is 34357121 (base 9) in base 5?
13233033301
-61957c (base 15) to base 2
-10001101100011100011100
Convert -1952aa6 (base 14) to base 12.
-426210a
Convert -200211211121 (base 3) to base 15.
-74d97
What is 10488725 (base 9) in base 2?
10011010111110000111011
What is -1510ae3 (base 15) in base 4?
-322020312030
What is 1140402535 (base 6) in base 2?
110001001111100011111011
Convert 1424311333 (base 5) to base 8.
16221521
-5005400 (base 9) to base 7
-31422345
4c579 (base 15) to base 13
87228
-100100212 (base 3) to base 4
-1222223
Convert 131472 (base 9) to base 5.
10023400
Convert 3432442 (base 5) to base 13.
22082
110120111201012 (base 3) to base 16
65f7a4
-1838c5 (base 14) to base 6
-30154525
-554131 (base 8) to base 13
-66b3b
5827134 (base 10) to base 2
10110001110101000111110
Convert 71a103 (base 14) to base 2.
1110100111010000100111
What is -414152 (base 7) in base 12?
-3517b
Convert -229c077 (base 13) to base 7.
-156530124
Convert -434372 (base 9) to base 2.
-111111010000011111
Convert -102212222222 (base 3) to base 5.
-24442013
Convert 20002220202 (base 3) to base 4.
131112200
64050 (base 12) to base 3
20200020020
What is 27b258 (base 13) in base 9?
1733535
What is 150007 (base 14) in base 16?
b2337
Convert 5059833 (base 10) to base 13.
10820ac
What is 167157 (base 9) in base 12?
4bb97
-122b8 (base 16) to base 4
-102022320
100011100011000001101 (base 2) to base 3
2012011211020
What is -1624202 (base 13) in base 7?
-114345254
17582873 (base 9) to base 13
1aac750
What is 1005531 (base 6) in base 12?
238a7
What is 4a61 (base 15) in base 8?
36741
-118066 (base 9) to base 3
-10122002020
-44368 (base 13) to base 12
-5b661
What is -4545523 (base 7) in base 9?
-1052624
1350032334 (base 6) to base 8
77012742
5c164 (base 16) to base 7
3130450
What is 29b83 (base 12) in base 4?
32111103
What is 1020535411 (base 6) in base 12?
36b1567
What is 69222 (base 10) in base 16?
10e66
What is -20202012222 (base 3) in base 16?
-206e7
What is 235978 (base 11) in base 8?
1332136
Convert -52da78 (base 14) to base 5.
-1204204230
-51818 (base 15) to base 4
-333010103
What is 45553 (base 7) in base 13?
5386
Convert 40676 (base 9) to base 12.
13613
20201302 (base 4) to base 6
425414
What is 1613273 (base 11) in base 4?
22201003113
Convert -55033115 (base 6) to base 8.
-6176247
What is 77670432 (base 8) in base 10?
16740634
What is -fa0a (base 16) in base 9?
-106722
Convert 1010011100110000100 (base 2) to base 8.
1234604
-2524521 (base 6) to base 11
-93072
What is 12144 (base 15) in base 5?
3321124
-1070209 (base 11) to base 